 12 = 0. Let k be -2 + (3 - 4/w). What is y(k)?
-23
Let o be (-2 + -1 + -1)*1. Let p(r) be the second derivative of r**5/20 + r**4/3 - r**3/3 - r**2/2 + 12*r - 1. What is p(o)?
7
Let m = 4 + -6. Let s(h) = 15*h**2 - 83*h + 18. Let z(o) = 7*o**2 - 35*o + 8. Let b(k) = -3*s(k) + 7*z(k). Determine b(m).
10
Let y(d) = 3*d - 21*d + 11*d + 5*d - 4. Calculate y(-4).
4
Let j(o) = -5*o**2 - 4*o - 2. Let z be (-2 + (-12)/(-18))*9/6. Calculate j(z).
-14
Let z(c) = c + 8. Let b = 61 + -61. Calculate z(b).
8
Let b(v) = -v**2 + 9*v. Let w = -105 + 61. Let o = -36 - w. Determine b(o).
8
Let g(f) be the first derivative of -f**4/4 + 4*f**3/3 + 3*f**2 + 16. Calculate g(5).
5
Let i(l) = 14*l + 0*l**2 - 6 + l**2 - 6*l. Suppose 1338*v - 1337*v - 2 = 3*d, -40 = 4*v + 4*d. Calculate i(v).
-13
Let d(k) = -3*k + 8. Let m(u) = 3*u + 27. Suppose -29 = 3*w + 4*j, -4*j + 27 = -4*w - w. Let l be m(w). Determine d(l).
-10
Let h(d) = d + 15. Let i(r) = 2*r + 42. Let w(g) = 7*h(g) - 2*i(g). Determine w(-6).
3
Let t(a) = a**3 - 6*a**2 + 6*a + 1. Let o = 92 + -87. Determine t(o).
6
Let i(f) = 4*f + 7. Let a(k) = -2*k - 3. Let p(w) = -2*w**3 - 3*w**2 - w. Let r be p(-2). Let t(u) = r*i(u) + 13*a(u). Calculate t(-3).
9
Let n(z) = 3*z**2 - 14*z + 18. Let r(v) be the first derivative of -8*v**3/3 + 41*v**2/2 - 53*v - 34. Let x(c) = 11*n(c) + 4*r(c). What is x(-11)?
-3
Let o(q) be the second derivative of -q**5/20 - q**4/2 + 5*q**3/6 - 4*q**2 - 200*q. What is o(-7)?
6
Let r(x) be the first derivative of x**2 + 7*x + 2. Let z(l) = l**3 - 2*l**2 + l - 6. Let q be z(0). Give r(q).
-5
Suppose -x - 1 = 4*f, -x = -4*f + 3*x - 16. Let m(v) = -v + 0 + 2*v**2 + v**2 - 3 + 2. Determine m(f).
3
Let a(p) = p - 3. Let j be (3 - 6 - -5)*-5. Let k be 3 + -2 - (3 + 4). Let c be j/(-15) + 22/k. Determine a(c).
-6
Let o(x) = 2*x**3 + x**2 - 5*x - 4. Suppose 51*s = -37 - 116. Calculate o(s).
-34
Let f(r) = -r**3 - r**2 + r - 11. Suppose -20 = -4*q - q. Suppose 0 = q*n + n. Give f(n).
-11
Let t(o) = o**2 - 5*o. Suppose 2*i = -4*n - 16, -2*i - 17 = 2*n + 3. Let c be ((-24)/(-5))/(-4)*80/i. Give t(c).
24
Let l(x) = -x**2 + 9*x - 9. Suppose m + 2*b = -1, -4*m + 24 = 2*b - b. What is l(m)?
5
Let c(g) be the first derivative of -g**4/2 + g**3 + 3*g**2/2 - 2*g - 27. Determine c(2).
0
Let b(i) be the third derivative of -21*i**2 + 1/30*i**5 - 1/6*i**3 + 0 + 0*i + 1/120*i**6 - 1/24*i**4. Calculate b(-2).
1
Let b(h) = -3*h**3 + 4*h**2 - 5*h - 10. Let q(k) = -2*k**3 + 3*k**2 - 4*k - 9. Let p(x) = -3*b(x) + 4*q(x). Let z(y) = 2*y - 8. Let s be z(4). Give p(s).
-6
Let g(n) = 22 - 5 - 2*n - 11 - 7 + n. Determine g(0).
-1
Let s(c) = c**2 + 6*c + 1. Let q = 3 - 3. Suppose 5*t = -3*f - 31, -5*t + 0 - 10 = q. What is s(f)?
8
Let y(j) = 6*j**3 - 5*j**2 - 14*j - 20. Let n(f) = 7*f**3 - 8*f**2 - 14*f - 20. Let r(s) = -5*n(s) + 6*y(s). Determine r(-11).
13
Let h(m) be the third derivative of -m**4/12 - 5*m**3/2 + 129*m**2. Give h(-7).
-1
Let m(y) = 3*y - 7. Let j be (12/3)/(-56) - 1014/(-84). What is m(j)?
29
Let r(x) = x**3 + 6*x**2 + 2*x + 7. Let o = 129 + -135. Determine r(o).
-5
Let r(t) = 4*t - 7. Let c(k) = 3*k + 2. Let y(u) = -6*c(u) + 5*r(u). Determine y(0).
-47
Suppose -4*z - 6 = -7*z. Suppose -z*b + 8 = q, b - 2*q - 4 = -q. Let n(i) = -b*i - 3*i + 10*i - 6. Determine n(4).
6
Let m(l) be the third derivative of -l**5/60 - l**4/24 - 2*l**3/3 - 4*l**2 - 53*l. Give m(4).
-24
Let w(t) = -t**3 + 2*t**2 + 10*t - 4. Let j = -520 - -524. Determine w(j).
4
Let p(n) = n + 7. Suppose 0 = 10*s - 11 - 39. Give p(s).
12
Let o = -88 - -86. Let t(a) = -a**2 + a. Let y(j) = 5*j**2 - j + 1. Let r(m) = o*y(m) - 6*t(m). What is r(-2)?
-10
Let f(n) be the third derivative of n**5/20 - n**3/6 - 39*n**2 + 5. What is f(-1)?
2
Let o = 13 + -9. Suppose o*g - n - 15 = 0, -g - 2*n = n - 7. Suppose q = 5*d - 5, -g*d = -5*q + 7 + 10. Let z(v) = 2*v**2 - 2*v - 1. Determine z(d).
3
Let v(y) = -5*y + 49. Let m(r) = -9*r + 90. Let i(h) = -6*m(h) + 11*v(h). Give i(3).
-4
Let l(k) = k**2 - 8*k + 6. Suppose 25 = 5*b, 5*w - 2*b = 2*w - 19. Let h(t) = 8*t + 30. Let c be h(-4). Let d be (-11 + w + 4)/c. Calculate l(d).
-9
Let g(b) be the third derivative of -b**5/60 + 7*b**4/24 + b**3/6 - 6*b**2 + 7*b. Give g(5).
11
Let o(u) = -u**2 - 1 + 10 - 1 - 2 - u - 4. Give o(2).
-4
Let y(f) be the third derivative of -f**4/12 - 17*f**3/6 + 214*f**2. What is y(-7)?
-3
Let j(y) = 15*y. Suppose 14*m - 18*m = -20. Suppose -9*a = -4*a + m. Give j(a).
-15
Let q = 11 - 4. Suppose 0 = 2*n - 3*n - q. Let x(v) = -v - 7. What is x(n)?
0
Let w(f) = 2*f + 10. Let h(g) = g**3 - 36*g**2 - 38*g + 45. Let p be h(37). Calculate w(p).
26
Let n(k) = k - 7. Suppose 10 - 2 = -8*j. Let a be n(j). Let d(f) = -2*f - 6. Calculate d(a).
10
Let m(u) = u**3 + 5*u**2 + 3*u + 5. Let h be m(-4). Let b(v) = 2*v - 5*v - h - 3*v + 10. Let x be 1 + (2 - (4 + 0)). Calculate b(x).
7
Let u(n) be the first derivative of -5*n**2/2 - 2*n + 110. What is u(6)?
-32
Suppose 80 = 3*z + 2*z. Let c = -11 + z. Let l(g) = 1 + 37*g**2 + g**3 - 42*g**2 + 1. What is l(c)?
2
Suppose 4 = 2*i - 3*m, 0 = i - m - 3. Let h(c) = -c**2 + 5*c - 7. Calculate h(i).
-7
Let a(z) be the third derivative of 3*z**4/8 - z**3/6 + 4*z**2. Suppose -178*l + 1 = -177*l. Calculate a(l).
8
Let o(r) be the first derivative of r**3/3 + r**2 - r + 39. What is o(4)?
23
Let g(u) = -u**3 - 3*u**2 - u + 1. Let f(a) = 6*a**3 + 22*a**2 - 8*a - 16. Let m(x) = -f(x) - 5*g(x). Determine m(-9).
56
Let v = 81 + -76. Let x(k) = -k**3 + 5*k**2 + 2*k - 5. Calculate x(v).
5
Let w(f) be the third derivative of f**4/12 - 5*f**3/6 + 18*f**2 - 3. Determine w(9).
13
Let z(x) be the second derivative of 1/6*x**3 - 1/6*x**4 - 3/2*x**2 - 1/20*x**5 + 33*x + 0. Suppose 3 = n - 2*n. Give z(n).
3
Let j = 72 + -46. Suppose -6 = -5*k - j. Let z(x) = x + 3. Calculate z(k).
-1
Let p(v) = -v**2 + 5*v. Suppose 50 = -2*s - 60. Let h = -48 - s. Determine p(h).
-14
Let j(u) = u**3 + 16*u**2 + 19*u + 51. Let l be j(-15). Let c(q) = -q**3 - 10*q**2 - 11*q. Determine c(l).
18
Let i(z) be the first derivative of -z**5/60 + z**4/12 + z**3/6 + 19*z**2/2 + 18. Let a(g) be the second derivative of i(g). Determine a(4).
-7
Suppose -5*j + 36 = 11. Suppose -j = -b - 3. Let n(y) = -9*y - 1. Calculate n(b).
-19
Let t = 41 - 50. Let q(d) = -d - 8. What is q(t)?
1
Let f = 64 + -32. Let r(i) = 57 - 2*i**3 - f - i**2 - 25. Give r(1).
-3
Let t(a) = -a**2 + 7*a - 5. Let w = 243 + -239. Determine t(w).
7
Suppose 6*l - 197 + 227 = 0. Let z(c) = -c**2 - 3*c + 4. Calculate z(l).
-6
Let i(h) = -51 + 38 + h + 3. Determine i(11).
1
Let q(w) be the second derivative of -w**3/3 + w**2 - w. Let h be 596/(-10) + 3 + 6/(-15). Let f = 60 + h. Give q(f).
-4
Suppose 0 = -4*o + 14 - 2. Let g(z) = -z**2 - 3 + 2 - z + z + o*z. Calculate g(2).
1
Let x(f) = -f**2 + 7*f + 1. Let u = 365 + -358. What is x(u)?
1
Let m(i) = i**3 - 7*i**2 + 5*i + 6. Let p be m(5). Let f = -19 - p. Let y(t) = 3*t**2 - 4*t + 5*t - 4*t**2. Calculate y(f).
0
Let n = -1 - -7. Let f(w) be the first derivative of -5/2*w**2 - 4*w + 1/3*w**3 - 4. Calculate f(n).
2
Let t(g) = g + 1. Let b(u) = -2*u - 1. Suppose -3*n + 4*c = -6, 6*n - n + 16 = -2*c. Let q(z) = n*b(z) - 5*t(z). Let r be ((-2)/4)/((-1)/(-6)). Determine q(r).
0
Let v(k) be the third derivative of -k**5/60 + 13*k**4/24 + 5*k**3/3 - k**2 + 100*k. Calculate v(14).
-4
Let m(j) be the third derivative of -j**5/60 + j**4/24 + 2*j**3/3 - 8*j**2 - 2*j. Give m(3).
-2
Let o(z) = -z**3 + 6*z**2 - 6*z + 3. Suppose -4*v - 4*v = -432. Let j = -49 + v. Calculate o(j).
-2
Let g(f) = 6 + 3*f**2 - 4*f + 3*f**2 + 0*f**2 - 5*f**2. Suppose 14 = 3*c + d, 0*c + c = d + 6. Determine g(c).
11
Let b be -7 - (-23)/((-69)/(-45)). Let k(a) = -a**3 + 7*a**2 - 3*a + 12. Determine k(b).
-76
Let k(w) = -w**3 + w - 2*w - 60731*w**2 + 60730*w**2. What is k(0)?
0
Let c(i) be the second derivative of -i**3/3 - 119*i. Give c(2).
-4
Let c(i) = 90 + 91 + 13*i - 182. Give c(1).
12
Suppose -6 = -18*a + 30. Let b(y) = 2*y**2 - 4*y - 1. Give b(a).
-1
Suppose 0 = -4*t - 3*t + 42. Let u(b) = 1 + 0*b - b**3 + 14 + b + 6*b**2. Let o(j) = 3*j**3 - 17*j**2 - 3*j - 45. Let z(y) = t*o(y) + 17*u(y). Give z(0).
-15
Let n(c) = -c**2 - 6*c + 3. Let s be n(-6). Let b(d) = -d**s + 3*d**2 + 6*d + 0*d**2 + 0 + d**2 - 3. What is b(5)?
2
S